Calculate the remainder when d is divided by 21.
18
What is the remainder when (16 - 1)*308/84 is divided by 28?
27
What is the remainder when (((-117)/4)/(-1))/((-186)/(-992)) is divided by 46?
18
Let y(i) = 2*i**2 - 5*i + 8. Let z be y(8). Let x = 134 - z. Calculate the remainder when 112 is divided by x.
36
Suppose -286 = -5*t + 79. Let c = -4 + 5. What is the remainder when t is divided by -7 + 7 + c*19?
16
Suppose 3*b - 22 = 32. What is the remainder when b is divided by -2*((-102)/(-68) + -1 + -4)?
4
Let x(s) = -s - 8. Let q be x(-8). Suppose -r + 3*r - 4 = q. Suppose 2*j + g = 40, 0 = g + 2 + r. Calculate the remainder when 87 is divided by j.
21
Let b = 118 - 28. What is the remainder when 59 is divided by 192/15*(b/4)/9?
27
Suppose -y + 3*o = -4*y + 18, -2 = o. Let r = 11 + y. Suppose 35 = 2*a + 13. Calculate the remainder when r is divided by a.
8
Let u(m) = -4*m**2 - 2*m - 1. Suppose 2*p + 5*h = 7, 0 = -3*p + h - 0*h - 15. Let o be u(p). What is the remainder when (-1 - o) + 0 - 2 is divided by 14?
12
Suppose 3*r = 602 + 208. Calculate the remainder when r is divided by 16.
14
Let c be (-18 - 0)/(14/(-7)). Let x be (-4)/(-18) + (-56)/c. Calculate the remainder when 24 is divided by (-55)/x + 10/(-60).
6
Suppose -5*y = 4*p - 198, 31 = -3*p + 5*y + 162. What is the remainder when 138 is divided by p?
44
Let v = 572 - 523. What is the remainder when 97 is divided by v?
48
Let y(n) = -45*n - 22. What is the remainder when y(-10) is divided by 13?
12
Suppose -16*n + 1626 = -3174. Calculate the remainder when n is divided by 43.
42
What is the remainder when 122 is divided by 44217/561 - 3*6/(-99)?
43
Suppose -37 - 773 = -44*d - 37*d. What is the remainder when (-58)/(-3)*(-6)/(-2) is divided by d?
8
Suppose 573 = 12*a + 21. Calculate the remainder when a is divided by 27.
19
Suppose 0 = 5*r - s - 310, 2*r + 5*s - 111 = 8*s. What is the remainder when r is divided by 6?
3
Let x = 1860 + -1856. Calculate the remainder when x is divided by 1.
0
Suppose 15 = 4*l - 5*g, 4*l - 2 = 2*g + 16. Suppose -4*k - 4*j + 88 = 0, -4*j = -4*k - 51 + 139. Let h = k - l. What is the remainder when h is divided by 5?
2
What is the remainder when 34 is divided by 12/(-8)*-3*52/9?
8
Suppose 4*r - 3*r = 13. Suppose 7*i - 321 = -146. Calculate the remainder when i is divided by r.
12
Let f be (-10)/(-4)*1372/35. Let w = f - 16. What is the remainder when w is divided by 28?
26
Let f = 544 + -491. Calculate the remainder when f is divided by 8.
5
Let z(r) = 0*r**2 - 851 + 854 + r**2 + 20*r**3 - 3*r. Calculate the remainder when z(1) is divided by 8.
5
Let o(m) = -m**3 + 6*m**2 + m - 8. Let c be o(6). Let w(j) = j**2 - 1. Calculate the remainder when 4 - (6/(-24)*-8 + -2) is divided by w(c).
1
Let r = 80 + -56. Suppose -4*d + d = -r. Suppose -d + 32 = 3*f. What is the remainder when 13 is divided by f?
5
Let w = -1710 - -1730. Calculate the remainder when 439 is divided by w.
19
Suppose -w - 46 = -2*l, l - 36 = 2*w - 7. Calculate the remainder when 92 is divided by l.
8
Let k(b) = -b**3 - 5*b**2 - 6*b - 6. Let r be k(-3). Let s be 4/r*1386/(-12). Let w = s - 51. Calculate the remainder when 75 is divided by w.
23
Let i(h) = -2*h**3 + 2*h**2 - 2. Suppose 0 = 2*l - 6*l + 24. Suppose -l*c = -3*c - 258. What is the remainder when c is divided by i(-2)?
20
Calculate the remainder when 170 is divided by -9*(0 - (12 + -7)).
35
Suppose 2*d = -0*d - 8, 12 = 4*m + d. Let r = 22 - m. Let a = 156 + -86. What is the remainder when a is divided by r?
16
Suppose -u + 341 = 5*k - 54, 0 = -k + 3*u + 79. Calculate the remainder when k is divided by 25.
4
Suppose -b + 3 = 0, -4*b + 2*b = -f - 2. Suppose 2*t - 46 = -3*t + 3*y, 3*t + 5*y = 48. Suppose -43 + t = -f*a. What is the remainder when 30 is divided by a?
6
Let z = 339 + -278. Calculate the remainder when z is divided by 36.
25
Let m = 32 + -12. Calculate the remainder when -2*(-5)/(m/78) is divided by (42/4)/((-30)/(-40)).
11
Suppose -35*o - 27456 = -99*o. Calculate the remainder when o is divided by 72.
69
Suppose -16*g + 544 = -12*g + 4*l, -3*g + 400 = -l. Calculate the remainder when g is divided by 27.
26
Suppose -4*n + 68 + 4 = 0. Let m = 2 - 9. Calculate the remainder when n is divided by 864/84 - (-2)/m.
8
Let x = 8 - 21. Let h = x - -96. Calculate the remainder when h is divided by 21.
20
Suppose 55 = 5*s - 5*c, 4*s - 4 = 3*c - 7*c. What is the remainder when 2/(-7) + 354/14 is divided by s?
1
Let m be (-16)/10*9450/(-28). Suppose -5*x + 160 = z, -3*z + 7*z - m = 5*x. Calculate the remainder when z is divided by 36.
32
Suppose -q - 4*d + 3 = 0, 3*q = -2*q - d + 34. What is the remainder when 12 is divided by q?
5
Calculate the remainder when (-2)/(-12) + ((-66745)/(-30))/7 is divided by 85.
63
Suppose -4*t + 3*w = -99, -3*w + 125 = 4*t + 32. Calculate the remainder when 52 is divided by t.
4
Suppose 2*b + 22 = 2*c, 0*c + 3*c - 5*b = 33. What is the remainder when (-3)/((-12)/14)*6 is divided by c?
10
Let m = -403 - -1066. Calculate the remainder when m is divided by 74.
71
Suppose 3*s = 4*w - 8, 8 = 4*w - 0*s + s. Let o(t) = -w*t + 14*t - 4*t + t - 7. What is the remainder when o(8) is divided by 22?
21
Let t be 6/21 - 57/(-42)*2. Suppose 4*d + t*q - 226 = q, 0 = -2*q + 6. What is the remainder when 108 is divided by d?
53
Let g(d) = d**2 - 9*d - 88. What is the remainder when g(17) is divided by 23?
2
Let m(i) = -i**2 + 5*i + 26. Let o be m(9). Let s = 62 + o. What is the remainder when s is divided by 11?
8
What is the remainder when (13 - 14 - 427)/(-2) is divided by 115?
99
What is the remainder when 93 is divided by 454/10 - (-32)/(-80)?
3
Let q = -1 + 0. Let n(k) = -3*k - 9. Calculate the remainder when -81*q*1/3 is divided by n(-8).
12
Let x = 1013 + -966. Calculate the remainder when 110 is divided by x.
16
Suppose 4*j - 8*z = -3*z + 387, 192 = 2*j - 2*z. Calculate the remainder when j is divided by 14.
9
Let a(p) = 63*p**2 - 2*p. Let d be a(2). Let z = -592 - -450. Let m = d + z. Calculate the remainder when m is divided by 27.
25
Suppose -56*b = -62*b + 6. What is the remainder when 5 is divided by b?
0
Let l = -38 + 41. Suppose -b + i = 1, -3*b - b - 1 = -l*i. Calculate the remainder when 4 is divided by b.
0
Calculate the remainder when ((-1)/3)/((-39964)/4440 + 9) is divided by 94.
88
Let r = -4 + 9. Let t = -13 - -16. Calculate the remainder when r/(0 + (-4)/(-4)) is divided by t.
2
Suppose 3*f + 552 = 5*f. Suppose -f = -4*k + 4*z, -k + 6*k + 2*z - 352 = 0. Calculate the remainder when k is divided by ((-4)/5)/((-2)/60).
22
Let g = 180 - 175. Calculate the remainder when 37 is divided by g.
2
Let m = -186 + 442. Suppose 0 = 3*b - 5*j - m, -5*j - 115 - 305 = -5*b. What is the remainder when b is divided by 21?
19
Suppose -3*a = 5*o - 55 - 23, -4*a = 2*o - 118. Let p(n) = -n**3 + 5*n**2 - 2. Let w be (18/3)/((-3)/((-3)/2)). What is the remainder when a is divided by p(w)?
15
Suppose 54 = r - 5*b, 7*r = 9*r - 5*b - 93. Let n(z) be the first derivative of -z**2/2 + 7*z + 1. Calculate the remainder when r is divided by n(-7).
11
Let i = -5 - 10. Let f = i + 13. Let y(n) = -5*n**3. Calculate the remainder when y(f) is divided by 14.
12
Calculate the remainder when (-180)/54*13/4*-6 is divided by 48.
17
Calculate the remainder when 18 is divided by (4/(-10))/((-23)/230).
2
Let b = -2 - 3. Suppose 4*s - 5 = 4*g + 15, -2*s - 3*g = 0. What is the remainder when 12 is divided by b/2*(-5 + s)?
2
Suppose 7*r + 227 = 80. Let o = 101 + r. Calculate the remainder when o is divided by 14.
10
Suppose -141*w = -150*w + 423. Let x = 20 + -10. What is the remainder when w is divided by x?
7
Suppose i + 0*i = -4*z + 9, 2 = 2*i. Suppose z*a + 0*a = 8. Suppose -15 = -a*q + 29. Calculate the remainder when 41 is divided by q.
8
Suppose 0 = 76*t - 82*t + 102. Calculate the remainder when 118 is divided by t.
16
Let h(j) = 832*j**2 + 11*j - 9. What is the remainder when h(1) is divided by 27?
24
Let y be 44/16 - (-12)/(-16). Suppose -21 = -h - y*h. What is the remainder when 13 is divided by h?
6
Suppose -4*l = 8, -43*l + 42*l = 4*d - 198. Calculate the remainder when 696 is divided by d.
46
Let d be (-2)/(-13) + 22/26. Suppose -i + d = 4*b, -2*i - 46 = -b - 3*b. Let t = i + 19. What is the remainder when t is divided by 2?
0